.
8
Let i(w) = -46*w**2 - 258*w - 57. Calculate i(-6).
-165
Let h(p) = p**3 + 205*p**2 + 968*p + 676. Determine h(-4).
20
Let g(v) = v**3 - 214*v**2 + 2624*v - 2172. Give g(201).
39
Let y(s) = 1328*s + 21318. Determine y(-16).
70
Let u(f) = -2809*f + 177016. Give u(63).
49
Let s(c) = -199*c + 16774. What is s(86)?
-340
Let o(d) = -d**3 + 39*d**2 + 1547*d - 219. Determine o(-24).
-1059
Let m(p) = -62673*p - 1504146. What is m(-24)?
6
Let a(t) = -9478*t - 56872. Calculate a(-6).
-4
Let n(a) = -179*a**3 + 1071*a**2 + 199*a - 1056. Calculate n(6).
30
Let f(m) = 4*m**2 + 15323*m + 5121902. Determine f(-370).
-8
Let g(q) = 16874*q + 421850. Determine g(-25).
0
Let x(p) = -44*p**2 + 27*p - 19. What is x(5)?
-984
Let c(z) = -2*z**3 + 10*z**2 + 24018*z - 120220. Give c(5).
-130
Let i(s) = -s**3 + 85*s**2 + 83*s + 272. Determine i(86).
14
Let v(p) = -p**3 + 147*p**2 - 475*p - 383. Calculate v(4).
5
Let b(u) = -404*u + 28325. Determine b(70).
45
Let s(l) = -5*l**2 + 30420*l + 121658. Determine s(-4).
-102
Let r(h) = -62977*h - 188943. Calculate r(-3).
-12
Let y(u) = 23*u**2 + 494*u - 101. Give y(-20).
-781
Let w(x) = -3*x**3 + 28*x**2 + 372*x + 28. What is w(18)?
-1700
Let m(t) = 137*t - 9198. Calculate m(68).
118
Let u(r) = -2191*r + 11453. Determine u(5).
498
Let d(m) = m**3 + 15*m**2 + 526*m - 5366. Give d(10).
2394
Let q(k) = 136*k - 18777. Calculate q(138).
-9
Let n(y) = -563*y + 40531. What is n(72)?
-5
Let o(x) = 14*x**2 + 40*x - 542. What is o(10)?
1258
Let a(c) = -3*c**3 + 158*c**2 + 180*c + 1871. Determine a(54).
-73
Let x(f) = 102963*f + 1029638. What is x(-10)?
8
Let o(l) = -43496*l + 2479297. Give o(57).
25
Let z(g) = 52*g**2 - 3686*g - 4132. Calculate z(72).
44
Let j(k) = 27923*k + 83776. What is j(-3)?
7
Let y(q) = -3721*q - 59534. Determine y(-16).
2
Let r(d) = -3245*d + 528961. Calculate r(163).
26
Let t(o) = -173549*o + 4165175. Give t(24).
-1
Let v(u) = -2*u**3 + 94*u**2 + 43*u - 1. What is v(48)?
-2545
Let s(x) = 248*x**3 + 2*x**2 - 7*x + 6. Calculate s(1).
249
Let j(p) = -703*p**2 - 14773*p - 214. What is j(-21)?
-4
Let y(p) = 116*p**3 - 52*p**2 + 111*p + 3. Determine y(2).
945
Let l(s) = s**3 - 235*s**2 - 130950*s - 11935. Determine l(498).
17
Let k(w) = 161152*w + 1289219. What is k(-8)?
3
Let p(c) = 2*c**2 + 516*c + 33152. Determine p(-134).
-80
Let b(l) = 2*l**2 - 180*l - 2702. Give b(-16).
690
Let z(g) = 645*g + 2160. Determine z(-4).
-420
Let v(z) = 1730*z - 39847. Give v(23).
-57
Let n(r) = r**3 + 131*r**2 - 78*r - 4464. Determine n(6).
0
Let m(p) = p**3 - 180*p**2 - 180*p - 309. Give m(181).
-128
Let s(g) = g**2 - 127*g + 4005. Determine s(119).
3053
Let p(y) = -210*y + 1015. Give p(2).
595
Let d(w) = -w**3 - 36*w**2 - 23*w - 48. Give d(-35).
-468
Let g(o) = -o**2 - 1175*o + 27550. Give g(23).
-4
Let z(h) = -3*h**2 - 791*h + 6553. Give z(8).
33
Let u(j) = -303*j**2 - 4095*j + 2050. What is u(-14)?
-8
Let p(q) = q**3 - 201*q**2 + 1167*q + 529. What is p(195)?
-56
Let i(b) = 128*b + 14257. Determine i(-133).
-2767
Let n(x) = x**3 - 825*x**2 + 3268*x + 62. Give n(4).
-2
Let i(d) = 2*d**3 - 128*d**2 + 173*d - 11070. Determine i(64).
2
Let d(k) = k**3 - 16*k**2 + 47*k - 662. Determine d(16).
90
Let k(a) = a**2 - 35405*a + 1449886. Give k(41).
-38
Let x(w) = -295*w - 30888. Calculate x(-107).
677
Let b(n) = -n**2 - 27136*n - 1597742. Give b(-59).
-199
Let w(p) = -2*p**3 - 25*p**2 + 1250*p + 12802. Calculate w(-10).
-198
Let b(h) = h**3 - 97*h**2 + 2299*h + 131. Give b(42).
-331
Let y(j) = j**2 + 5902*j + 111751. Calculate y(-19).
-26
Let o(h) = -h**3 + 95*h**2 - 1802*h + 192. What is o(26)?
-16
Let q(g) = -5*g**2 - 348*g - 5387. Determine q(-41).
476
Let j(b) = -20593*b - 143854. Calculate j(-7).
297
Let t(k) = 5195387*k + 4. Determine t(0).
4
Let o(u) = -1021*u**2 + 2040*u - 8. Calculate o(2).
-12
Let t(c) = 199*c + 18251. Calculate t(-91).
142
Let c(a) = -a**3 + 1149*a**2 - 135030*a - 99563. Calculate c(1016).
5
Let c(f) = -16*f**2 + 88*f + 114. Determine c(-5).
-726
Let o(d) = -2*d**2 - 176*d - 1357. Determine o(-35).
2353
Let q(l) = l**3 + 14*l**2 + 16*l - 2. Determine q(-14).
-226
Let c(z) = -129*z**2 - 1324*z - 1321. Calculate c(-1).
-126
Let i(w) = -2*w**3 - 677*w**2 - 1685*w - 1690. What is i(-336)?
-10
Let z(v) = 5*v**2 + 171*v - 182. Calculate z(-37).
336
Let o(h) = -4*h**2 - 859*h - 39970. What is o(-145)?
485
Let v(k) = -4*k**2 + 941*k + 38702. Give v(271).
-51
Let b(v) = -2*v**3 - 309*v**2 + 7182*v + 856. Calculate b(-175).
-369
Let w(s) = -s**3 - 22*s**2 - 103*s + 60. What is w(-14)?
-66
Let p(f) = -22144*f - 309959. Determine p(-14).
57
Let p(n) = 2*n**2 - 58759*n + 176270. Determine p(3).
11
Let g(s) = -4*s**3 + 26*s**2 + 55*s - 30. Determine g(-3).
147
Let r(o) = 405*o**3 + 27*o**2 - 18*o + 1. What is r(1)?
415
Let t(k) = 10766*k + 269147. What is t(-25)?
-3
Let c(p) = p**3 - 27*p**2 - 4*p - 1912. Determine c(29).
-346
Let d(j) = -j**3 + 14*j**2 + 216*j - 277. Determine d(23).
-70
Let o(m) = 12*m**2 - 931*m - 5327. Determine o(83).
68
Let b(f) = -2970*f + 166328. Determine b(56).
8
Let v(l) = -42343*l - 889191. Calculate v(-21).
12
Let i(y) = -3*y**2 + 313*y - 4522. Determine i(87).
2
Let i(b) = -47*b**3 - 2301*b**2 + 68*b - 1366. Calculate i(-49).
104
Let p(i) = -16*i**3 - 1760*i**2 - 7*i - 838. Give p(-110).
-68
Let x(p) = 10*p**2 + 3208*p + 86719. Give x(-291).
1
Let h(s) = -51*s**2 + 4536*s + 128. Determine h(89).
-139
Let k(w) = -2*w**3 + 12*w**2 - 12*w + 225. Determine k(9).
-369
Let k(y) = -23427*y + 70728. Calculate k(3).
447
Let m(y) = -8*y - 1093. What is m(-39)?
-781
Let f(t) = -2*t**3 - 33*t**2 - 141*t - 55. Calculate f(-8).
-15
Let b(z) = -214*z - 37744. Determine b(-176).
-80
Let m(v) = v**2 + 103*v - 2228. What is m(18)?
-50
Let m(h) = 72*h**2 + 915*h - 910. What is m(1)?
77
Let b(y) = -y**2 + 184*y - 1627. Give b(9).
-52
Let v(r) = 78495*r + 549455. Give v(-7).
-10
Let v(r) = 297*r + 55626. Determine v(-190).
-804
Let i(y) = y**3 + 6*y**2 - 57081*y - 456627. What is i(-8)?
-107
Let c(o) = -391*o**2 - 3486*o + 327. Determine c(-9).
30
Let h(x) = -35806*x + 2005192. What is h(56)?
56
Let k(d) = d**3 - 56*d**2 + 261*d - 313. Determine k(51).
-7
Let d(u) = -120496*u + 722983. Calculate d(6).
7
Let i(y) = 2*y**2 + 1430*y - 10050. Determine i(7).
58
Let p(o) = -78*o**2 + 46*o + 41. Determine p(-1).
-83
Let b(f) = -7*f**2 + 1699*f - 44659. Give b(30).
11
Let b(x) = x**3 + 32*x**2 + 1658*x + 18333. Determine b(-13).
-10
Let n(f) = -2*f**3 + f**2 - 5*f + 770. Determine n(0).
770
Let w(d) = -173905*d + 2434663. What is w(14)?
-7
Let u(h) = -1511*h - 10886. Calculate u(-7).
-309
Let z(w) = 5*w**3 + 182*w**2 + 11*w - 1775. Determine z(-36).
421
Let l(d) = 25149*d - 9481178. What is l(377)?
-5
Let a(r) = r**3 + 64*r**2 - 1179*r - 95. Give a(15).
-5
Let c(h) = 3*h**3 - h**2 - 21*h - 18. Determine c(8).
1286
Let s(v) = -238638*v + 1431821. Give s(6).
-7
Let i(q) = 17*q**2 - 678*q + 6454. What is i(24)?
-26
Let q(r) = 15846*r - 5910553. Determine q(373).
5
Let i(z) = 71560*z - 1359653. Give i(19).
-13
Let j(w) = 15*w**3 + 313*w**2 - 37*w - 57. Determine j(-21).
-162
Let w(a) = -9014*a - 71555. Calculate w(-8).
557
Let m(h) = -h**3 - 13*h**2 - 2*h - 194. What is m(0)?
-194
Let n(g) = g**3 - 51*g**2 + 138*g + 908. Give n(6).
116
Let u(a) = -a**3 + 17*a**2 - 102*a + 161. Give u(8).
-79
Let v(x) = -24*x**2 - 810*x - 29. Determine v(-34).
-233
Let o(v) = -141*v + 30424. Determine o(217).
-173
Let u(m) = 30*m**2 + 915*m + 3651. Determine u(-4).
471
Let p(i) = -6*i**3 + 976*i**2 + 314*i + 1474. What is p(163)?
-482
Let x(t) = 5*t**3 - 54*t**2 - 166*t + 32. Determine x(-4).
-488
Let g(c) = c**3 - 24*c**2 - 146*c + 6679. Calculate g(-15).
94
Let g(j) = 310*j**3 - 208321*j**2 + 668*j + 2687. Give g(672).
-1
Let p(c) = 1627*c - 51407. Give p(33).
2284
Let p(x) = -4*x**2 - 349*x - 3906. Determine p(-74).
16
Let w(d) = -10364*d - 124422. Determine w(-12).
-54
Let u(r) = -189080*r + 4537915. Calculate u(24).
-5
Let w(m) = 2*m**2 + 15*m - 742. Determine w(-29).
505
Let u(m) = 11776*m + 2319867. Calculate u(-197).
-5
Let g(l) = 13*l**3 - 77*l - 708. Give g(-8).
-6748
Let r(w) = -2554*w + 5249. Calculate r(2).
141
Let j(c) = 34*c**2 + 1764*c - 3877. Determine j(-54).
11
Let p(o) = -582*o - 23834. Give p(-41).
28
Let f(d) = -d*